t common divisor of b and 37?
37
Let n(r) = -6*r**3 - 3*r**2 + 8*r. Let x(m) = -7*m**3 - 4*m**2 + 7*m. Let t(c) = 4*n(c) - 3*x(c). Let k be t(-5). What is the highest common factor of 32 and k?
32
Let n be -18 + 144 - 6/3. What is the greatest common divisor of n and 682?
62
Let m(n) = 3*n - 6. Let a be m(12). Let t be (a/(-9))/((-14)/147). What is the highest common divisor of 7 and t?
7
Let r be (2150/(-28) - (-2)/7)*-2. Calculate the highest common factor of r and 68.
17
Suppose 2*q - 6 = 0, 4*t - 3 - 1134 = q. Calculate the highest common divisor of t and 30.
15
Let m be (-12)/(63/24 + -3). Calculate the highest common factor of 832 and m.
32
Let b = -71 + 81. What is the highest common divisor of b and 6?
2
Suppose 0*c = c + 2*p + 3, -2*p + 3 = 3*c. Let r be 69 - (c + -2)*-3. Let m be (8/6)/(2/12). Calculate the highest common factor of r and m.
8
Let b = 954 + -806. What is the highest common factor of b and 1073?
37
Let t(n) = -19*n**2 - 2*n - 4. Let j be t(3). Let q = j - -285. Calculate the highest common divisor of q and 13.
13
Let s(g) be the first derivative of -31*g**2/2 - 2*g - 1. Suppose -12 = 3*r - 3. Let v be s(r). What is the greatest common divisor of 13 and v?
13
Suppose 0 = -0*m - 5*m + 30. Let d be 9 + (42/(-6) - (-3)/3*4). Calculate the greatest common factor of d and m.
6
Let l = 140 - 74. Let c(n) = -n + 0*n**2 - 8 + 13*n**3 + 10 - 4*n**2 - 10*n**3. Let k be c(3). Calculate the highest common factor of l and k.
22
Suppose -24 = 4*f + 20. Let b = 15 - f. Let j = b + 4. What is the greatest common factor of 75 and j?
15
Suppose 0 = 64*d + 30834 - 133938. Calculate the greatest common factor of d and 9.
9
Let a(b) = -b**2 + 5*b + 3. Let s be a(-3). Let w(u) = -80*u + 1. Let p be w(-1). Let f = p + s. What is the greatest common factor of 24 and f?
12
Let s(u) = 0*u + 1 + 2*u - u - 13. Let c be s(17). Suppose 0 = -c*r + b + 69, 5*r - 4*b - 73 = -7. What is the greatest common factor of 7 and r?
7
Suppose z + 4*g - 394 = -2*z, -4*z - 3*g + 516 = 0. Let a(y) = -6*y + 92. Let w be a(13). What is the highest common factor of z and w?
14
Let j be ((-6)/(-5) - (-126)/105)*25. Calculate the highest common divisor of j and 84.
12
Let j = -397 + 754. Calculate the highest common factor of j and 153.
51
Suppose 5*a + 1850 = q, 25*a = q + 23*a - 1853. Calculate the highest common factor of q and 35.
35
Let d = 435 + -305. Suppose -2*r + 3*r = 26. Calculate the highest common factor of d and r.
26
Suppose 0*l = 2*l - 4*v, 3*l = 5*v + 2. Let s be 49 + 5 + (3 - (-3 + l)). What is the highest common factor of s and 7?
7
Let v(a) = 11*a + 81. Let t be v(-7). Calculate the greatest common factor of 22 and t.
2
Suppose 150 = -267*r + 272*r. What is the greatest common divisor of r and 105?
15
Let f(h) = h**3 - 9*h**2 + 29*h - 32. Let l be f(12). What is the highest common factor of 102 and l?
34
Let v(c) = -2*c**3 + 15*c**2 + 32*c - 21. Let u be v(9). What is the greatest common factor of 6 and u?
6
Let y = -301 - -346. What is the greatest common factor of 585 and y?
45
Let t be -3 + 3 - -2 - (-3 - 0). Suppose -3*k - 80 = -t*f, 0 = -4*f + 3*f + k + 18. What is the greatest common factor of f and 104?
13
Let w(o) be the second derivative of o**3/6 + 4*o. Let u be w(-2). Let h be (u/1)/((-7)/56). Calculate the greatest common factor of 16 and h.
16
Let b(y) = y**2 + 11*y - 31. Let o be b(-13). Let m(j) = j**2 + 8*j + 27. Let n be m(o). Let s = -58 + 82. Calculate the highest common factor of s and n.
12
Let u(m) = -m**3 - 13*m**2 - 14*m - 158. Let t be u(-13). Let y(z) = -2*z**3 - 9*z**2 + 7*z - 4. Let f be y(-7). What is the highest common divisor of f and t?
24
Let d(q) = q**3 - 5*q**2 - 10*q + 5. Let n be d(6). Let g = n - -31. What is the highest common factor of g and 36?
12
Suppose -9*s + 20*s - 451 = 0. Let k = s + -1. Calculate the highest common divisor of k and 4.
4
Suppose 18*b - 552 - 276 = 0. Calculate the greatest common divisor of 230 and b.
46
Let n = 170 - 3. Let i = n + -112. Let u = 5 - 0. What is the greatest common divisor of i and u?
5
Let t = -171 - -194. Let p(w) = 10*w - 83. Let n be p(t). Let i(r) = 5*r**2 + 1. Let q be i(-2). Calculate the highest common divisor of q and n.
21
Let q = -1053 + 4476. What is the highest common factor of q and 21?
21
Suppose -4*q + 6 = -58. Suppose 4*v + 4*p = 76 - q, v - p = 5. Let w be (48/9 - -2)*15. What is the highest common divisor of w and v?
10
Suppose 6*g + 8 - 32 = 0. Calculate the greatest common divisor of 13 and g.
1
Let k(y) = 34*y + 248. Let t be k(-4). Calculate the greatest common divisor of 70 and t.
14
Suppose 3*s = -2*s + 40. Let m = -28 - -92. What is the highest common factor of m and s?
8
Let f = 1900 - 1676. Calculate the highest common divisor of f and 352.
32
Suppose -14*a - 336 = -8*a. Let b = 131 + a. What is the highest common factor of 15 and b?
15
Suppose -12 = -3*u + 33. Suppose -4*d = -3*r - 786 - 138, -2*d + 5*r = -476. Suppose -4*q + d = -252. What is the greatest common factor of u and q?
15
Let r = 4 - 4. Suppose 0 = -c - t + 43 - 12, r = c + 3*t - 23. Calculate the highest common factor of 7 and c.
7
Suppose 3*t + 2*t = 40. Suppose -2*d - t = 0, -2*h + 4 = h + 2*d. Suppose 0 = -h*q + q + 150. Calculate the greatest common divisor of 10 and q.
10
Let v be 5/(-5)*1 + 3. Let y be ((-10)/15)/(v/(-15)). Suppose -y*a + 475 = -0*a. What is the greatest common divisor of a and 19?
19
Let f(m) = -m + 25. Let h be f(-8). What is the highest common factor of 561 and h?
33
Suppose -g = 14*o - 12*o - 165, 2*g - 414 = -5*o. Suppose 17 - 38 = -c. Calculate the highest common factor of c and o.
21
Let j(x) = 13*x**2 + x. Let h be j(-2). Suppose 0*t - h = -2*t. Calculate the greatest common factor of 100 and t.
25
Suppose 2*h = q - 0*h + 282, 5*q - h + 1401 = 0. Suppose 10 + 0 = 5*z. Let p be q*(z + (3 - 6)). Calculate the highest common divisor of p and 35.
35
Let h = -31 - -22. Let z be (h - -9) + 1*2. Suppose -3*g + 32 = -2*q, -86 + 22 = -5*g - z*q. Calculate the greatest common factor of g and 84.
12
Let w = -15 - -25. Let k be (1/4*2)/((-3)/(-270)). Suppose 5 - k = -2*s. Calculate the highest common factor of s and w.
10
Let c(r) = -r**2 - 26*r - 38. Suppose 5 = -n + 5*u + 1, 4*u = -4*n - 112. Let s be c(n). Calculate the highest common factor of s and 50.
10
Suppose 0 = -x + 4*q + 15, 0 = -x + 2*x - 5*q - 15. What is the highest common divisor of x and 240?
15
Let f be 2/5 + (-12)/5. Let n be (-3)/(45/96)*(f - 3). What is the highest common divisor of 256 and n?
32
Let m(u) = -u**2 + 8*u + 11. Suppose -4*w = -8 - 24. Let f be m(w). Suppose -3*t = -49 - 17. Calculate the greatest common factor of f and t.
11
Let n(p) = p**3 + 20*p**2 + 15*p - 41. Let h be n(-19). Calculate the greatest common divisor of h and 10.
5
Let r be 1/(-2) + 5/2. Let q(w) = -w + 103. Let u be q(0). Suppose u*d - 108*d + 10 = 0. What is the greatest common factor of r and d?
2
Let b = -4 - -1. Let s be 3/(-9)*3*b. Suppose 5*v = -4*t - 7, 2*t - 1 + 2 = -5*v. What is the highest common divisor of s and v?
1
Suppose -4*i - 20 = 0, 573 - 113 = 5*s - 4*i. What is the highest common divisor of 99 and s?
11
Let x = -73 + 78. Suppose -10 = -x*k + 5*d, 5*k + 2*d - 3 = -0. Calculate the highest common factor of k and 11.
1
Suppose -25 + 43 = 3*s. What is the highest common factor of s and 8?
2
Let r = -2 - -11. Let g = -5 + r. Suppose g*s = s + 3. What is the greatest common divisor of s and 1?
1
Let x = 227 + -47. Calculate the greatest common factor of 40 and x.
20
Suppose 0 = 2*h + 2*w - 38 - 102, 0 = -5*h - w + 370. Suppose -90 = -42*k + 36*k. Calculate the highest common divisor of k and h.
15
Let t = -225 - -361. Let k be (4 - 27 - -21)/(4/(-34)). What is the greatest common divisor of k and t?
17
Let y(v) = v**2 - 6*v + 8. Let q be y(6). Suppose q*g - 5*g - 288 = 0. Calculate the greatest common divisor of 12 and g.
12
Let b(y) = 97*y - 4. Let h be b(4). Suppose 3*q = 6, -3*z + q - h = -2*q. Let v = -31 - z. What is the highest common factor of v and 38?
19
Let m = -26 + 33. Suppose 3*p = 4*u - 28, m*u - 3*p - 14 = 5*u. Calculate the greatest common divisor of u and 7.
7
Let b(c) = -c**3 + 4*c**2 - 5*c + 7. Let f be b(3). Let u be (-5 - 0)/(f/(-4)*1). What is the highest common facto